0. What is the remainder when 34 is divided by b?
4
Let g = 8955 + -8940. What is the remainder when g is divided by (-6)/4*(-2 + 0)?
0
Let w = -820 - -964. What is the remainder when 264 is divided by w?
120
Suppose -10 = -4*v + 10. Suppose 52 = v*u - 3*c, -4*c + 3*c + 20 = 3*u. Calculate the remainder when 61 is divided by u.
5
Suppose -328 = -2*u - 35*s + 32*s, -5*u + 820 = -5*s. Calculate the remainder when u is divided by 42.
38
Let q(r) = 2*r**2 + 18*r - 2. Suppose 21 = 7*m - 0*m. Suppose s - m*s = 20. Calculate the remainder when 35 is divided by q(s).
17
What is the remainder when 2656 is divided by ((-896)/49 - -8)/(7/(245/(-10)))?
28
Let u(b) = b + 11. Calculate the remainder when u(40) is divided by (-1 - -3) + -5 + 9.
3
Let y = -3385 + 3416. Let r = 1 + 7. Calculate the remainder when y is divided by r.
7
Let q = -15218 + 15275. What is the remainder when 262 is divided by q?
34
Suppose 0*c - 3*c - 4*k + 8385 = 0, c - 2814 = 5*k. What is the remainder when c is divided by 50?
49
What is the remainder when ((-308)/33 + (2 - (-7 - -3)))*-198 is divided by 56?
44
Let i = 154 - 132. What is the remainder when (-7)/(3 - -4)*5 - -146 is divided by i?
9
Suppose 36 = 3*q + 4*y, -2*y - 6 + 20 = q. Calculate the remainder when 6/((-143)/18 + q) is divided by 10.
8
Let z(w) = 37*w**2 - 4*w - 3. Let h be z(-3). Suppose -15 = -3*v - 2*v, -4*v - h = -3*y. Calculate the remainder when y is divided by 8.
6
What is the remainder when 28126/(2/1) + -115*50/(-1150) is divided by 67?
65
Let x be 96/112 + (-5858)/7. Let v = x + 879. Calculate the remainder when v is divided by 20.
3
Let z = 4632 - 4567. Calculate the remainder when 2077 is divided by z.
62
Suppose -10 = 30*i - 35*i. Suppose m - 2*n = 6*m - 1460, i*m = -2*n + 578. Suppose -4*u = 22 - m. What is the remainder when u is divided by 20?
8
Let w be (21 - -215) + (5 - (4 + -2)). Let y = 285 - w. What is the remainder when 104 is divided by y?
12
Suppose -7*g + 2*g - 82 = -2*t, 2*g = 5*t - 163. Calculate the remainder when t is divided by (-38)/(-5) - (-2)/5.
7
Suppose 35 = -5*a - 5*l, 7 = -a - 2*l - 3. What is the remainder when a/(2 - 4) - -21 is divided by (-767)/(-52) + 1/4?
8
Suppose 2*a - 322 = -2*q, 0 = -5*a + 31*q - 32*q + 797. Calculate the remainder when a is divided by (-27)/(-18) + (-13)/(-2).
7
Let h(j) = j**2 - 11*j + 993. What is the remainder when h(-24) is divided by 1821?
12
Let j(m) = -10*m - 18. Suppose 5*l = 2*i - 4, 0 = -5*i + 2*l - 6 - 5. Let h(r) = r**2 + 3*r + 5. Calculate the remainder when h(-8) is divided by j(i).
9
Suppose -4*m = 8, 1011 = 4*t + 4*m - 101. Let p = t - 179. Calculate the remainder when p is divided by 22.
13
Let r(p) = -p**3 - 16*p**2 - 16*p - 12. Let x be r(-15). Suppose -j + 3*z = 24, -2*j - z = x*z + 8. Calculate the remainder when j/(-16)*168/2 is divided by 22.
19
Let p be ((-48)/(-32))/((-2)/(-5 - -1)). Suppose 4*c = -p*g + 387, -14*c + 16*c + 645 = 5*g. Calculate the remainder when g is divided by 11.
8
Let c be 2/(-13) - (-33300)/130. Suppose -c = 4*p - 4*n, 3*n - 174 - 148 = 5*p. Let q = -61 - p. Calculate the remainder when 13 is divided by q.
1
Let l = -3 - -13. Suppose -l = -s - 1. Suppose -41*j + 3*o = -42*j + 25, -5*j - 5*o = -95. Calculate the remainder when j is divided by s.
7
Let a(v) = -3*v + 1. Suppose 0*f + 5*f = -10. Calculate the remainder when ((-55)/5 + 7)*-12 is divided by a(f).
6
Let y(q) = q**3 - 6*q**2 - 5*q + 50. Let s be y(6). Suppose s = 4*m, 9*b - 6*b - 178 = -5*m. What is the remainder when b is divided by 6?
3
Suppose -u + 20 = -5*v + 2, -5*u + 3*v = -112. Let k(m) = -5*m - 2 + 1 - m - 4. Calculate the remainder when u is divided by k(-3).
10
Let x(k) = k**2 + 41*k - 520. Calculate the remainder when x(17) is divided by 47.
43
Let y(l) = l**3 + 4*l**2 - 6*l - 6. Let b = -47227 + 47331. Calculate the remainder when b is divided by y(-4).
14
Let w = -5490 - -5799. Calculate the remainder when w is divided by 84.
57
Let y(f) = f**3 + 18*f**2 + 67*f + 37. What is the remainder when 371 is divided by y(-13)?
8
Let d(m) = -m**2 + 67*m - 868. What is the remainder when 777 is divided by d(43)?
121
Suppose -4*z + 596 = 4*q, 3*q - 139 = -z - 0*q. Suppose i - 2*y - 33 = 0, 97 = -2*i - 4*y + 155. Calculate the remainder when z is divided by i.
30
Let u(d) = 535*d**2 + 394*d - 393. What is the remainder when u(1) is divided by 55?
41
Let h(p) = -p**2 - 17*p + 5. Let y be h(-14). Let j = y + -42. Suppose 3*c + v - 11 = j, 4*c = 2*v + 28. What is the remainder when 33 is divided by c?
3
Let g = 3205 - 2635. What is the remainder when g is divided by 32?
26
Let s = 3 - 1. Suppose 5*y = 3*c - 47 - 19, s*y = -5*c + 79. Let w = -22639 - -22651. What is the remainder when c is divided by w?
5
Let x = 5 - 1. Let l = -1117 - -1122. Suppose -3*o - j + 3 = 0, -62*o + 61*o + l*j = -1. What is the remainder when x is divided by o?
0
Suppose 3*k + 4*i - 7769 = 0, -45*k + 7811 = -42*k - 2*i. What is the remainder when k is divided by 42?
37
Let b = 326 + -319. Suppose 0 = -3*o + b*j - 6*j + 501, 2*j + 167 = o. Calculate the remainder when o is divided by 24.
23
Let k be 4/(-22) - (-13)/(-11)*-1. Suppose 3*g - 7 = -k. Suppose -4*v + 105 = -3*d, -g*d = -v - 4*v + 140. What is the remainder when v is divided by 11?
8
Suppose 43 - 1 = 3*l. Suppose 5*k - l - 71 = -3*a, 6*a - 85 = -5*k. Let o(r) = 11*r + 7. Calculate the remainder when o(7) is divided by k.
16
Let y(t) = -t**2 - 7*t + 2. Let c be y(-8). Let u be c/8 + (-1)/4. What is the remainder when 87 is divided by (12/(-20))/(u/25)?
12
Suppose h = -4*c + 718, 2*c - h - 2*h - 366 = 0. Let p = 590 - 528. Calculate the remainder when c is divided by p.
56
Suppose 208*t + p - 91 = 203*t, -2*p - 8 = 0. Calculate the remainder when 84 is divided by t.
8
Let n(s) = s**2 + s - 1. Let u(t) = t**3 + 29*t**2 - 54*t + 249. What is the remainder when u(-31) is divided by n(-2)?
0
Calculate the remainder when 1*(114 + (6 - 0)) is divided by 18.
12
Suppose 3*b + 11 = 5*h - 46, 2*h - 3*b - 30 = 0. Suppose 17 = -w - h. Let a = w - -56. What is the remainder when a is divided by 11?
8
Let z = -1 - -37. Suppose 3*h + 4*i - 229 = -0*h, -3*i + 3 = 0. Suppose -h = -3*r - 5*c, -5*c - 34 = 2*r - 89. What is the remainder when z is divided by r?
16
Suppose -g - 3*t = -298, 1545 = -g + 6*g + 4*t. Let f = g + -294. Calculate the remainder when f is divided by 7.
5
Let m = -10596 + 11074. What is the remainder when m is divided by 113?
26
Let f = -209 - -247. Suppose 5 + 64 = d - 2*z, -d = 2*z - 53. Let n = d - f. Calculate the remainder when 90 is divided by n.
21
Let a = 479 + -474. Suppose -175 = -a*z + 5*h, 0 = -z - 2*h + 4*h + 30. What is the remainder when 172 is divided by z?
12
Suppose -65*f + 580 = -92*f + 1579. What is the remainder when 434 is divided by f?
27
Suppose 2*g + 13 = 3, 5*d - 35 = 4*g. Suppose 2*r + d*w = w + 172, 0 = 4*r - w - 339. What is the remainder when r is divided by 11?
8
Let n(p) = 34 - 9 + 12*p - 13 - p**2 - 5 - 20. Let s(r) = 2*r + 2. Let h be s(4). What is the remainder when 60 is divided by n(h)?
4
Suppose -12 = -4*c, -6*b + 39 = -3*b + 3*c. Suppose 2*k + 459 = 5*m, -2*m = -3*k - 105 - 94. Calculate the remainder when m is divided by b.
9
Suppose -4*b + 11*b = -7. Let u be b/((-2)/(-12))*-3. Let x = u - -16. Calculate the remainder when 61 is divided by x.
27
Let k(f) = -f**3 + 22*f**2 - 19*f - 22. Let y = -23 + 42. Suppose -g + y + 12 = -5*t, -52 = -2*g + 5*t. Calculate the remainder when 38 is divided by k(g).
18
What is the remainder when 117/663 + 25828/68 is divided by 189?
2
Let w = -198 - -204. Suppose -w*u = 2*u - 112. What is the remainder when 167 is divided by u?
13
Let s(z) = -z**3 - 10*z**2 - 37*z - 26. Calculate the remainder when s(-9) is divided by 226.
0
Suppose 11*a - 6*a = 20, 2*c + 3*a + 244 = 0. Let t be (-2)/8 - 928/c. Let b(r) = 4*r - 20. What is the remainder when 22 is divided by b(t)?
6
Suppose -38*j + 673 = -1051 - 518. Let f = 32 + -16. Calculate the remainder when j is divided by f.
11
Let w(l) = 2*l**2 - 3*l - 3. Suppose -31*d = -8*d - 4922. Suppose -5*m + 2*y + 463 = 0, 5*y + d = 5*m - 246. What is the remainder when m is divided by w(-3)?
21
Let s(g) = 2*g**3 - 19*g**2 + 51*g - 4. Suppose -27*z - 21 = -30*z. Calculate the remainder when s(z) is di